posite?
False
Let b(m) = -145*m**3 + 37*m - 7. Is b(-6) a prime number?
True
Let f be (3/6 - -2)*(-48)/(-40). Let z(h) = 113*h**2 + 3*h + 13. Is z(f) composite?
False
Let c(d) = d + 4. Let a be c(4). Suppose a*j + j - 7677 = 0. Is j prime?
True
Suppose a = w - 13893, -2*w - 10*a = -7*a - 27776. Is w prime?
False
Is (-8005)/(-15) + 12/9 prime?
False
Let v(t) = t**3 + 9*t**2 + 10*t + 15. Let f be v(-8). Is (f - 18465/9)*42/(-28) composite?
False
Suppose 7*k + 1209 = 10*k. Let b = k + 96. Is b composite?
False
Let t(y) = -12*y - 16. Let w be t(-2). Let s(d) = d**3 - 8*d**2 + 18*d - 17. Is s(w) a prime number?
True
Suppose -5*n + 3261 = 3*f, 0*n + 3*f = 2*n - 1317. Suppose h + 91 = n. Is h composite?
False
Suppose 4*w + 2*i - 96 = 0, w = -5*i + 10*i + 13. Suppose -w*q = -22*q - 746. Is q prime?
False
Suppose -3*q + 4*t + 0*t = -212331, 5*t = -4*q + 283108. Is q a composite number?
True
Let n(m) = 114*m**2 + 2*m. Let p be n(-1). Let w = 181 + p. Is w a prime number?
True
Let q = -3834 - -11125. Is q prime?
False
Let h = 5279 + 17190. Is h prime?
True
Let h = -22 - -27. Suppose 2234 + 2601 = h*a. Is a composite?
False
Suppose -6283 - 9001 = -4*z. Is z prime?
True
Let c(u) = 2500*u**2 + 11*u - 2. Is c(-3) prime?
False
Suppose j = -2*j - 4*z + 396, 637 = 5*j - z. Suppose -u + j = -191. Is u composite?
True
Suppose -3*g + 4*g = -4*t + 13, -9 = 3*t - 3*g. Suppose o + 2*q = -4 + 457, t*q = -3*o + 1351. Is o composite?
False
Let m(x) = x**2 - 7*x + 7. Suppose d + 2*b = 3, d + 0 = -5*b - 3. Let i be m(d). Let a(q) = 6*q - 5. Is a(i) prime?
True
Suppose 21 = 11*u - 14*u. Is 4 + u + 4 + 126 a composite number?
False
Let f = 214 + 351. Is f a composite number?
True
Suppose -3*n = -b - 32, 4*b = -0*n + 5*n - 58. Suppose 3*g = -2*q - 3 + n, -5*g = q. Suppose q*r = 2*c - 1835, -r - 4535 = -5*c + r. Is c prime?
False
Let f(x) be the first derivative of 86*x**3/3 - x**2/2 - x + 42. Is f(-4) a prime number?
False
Suppose 69*u = 75*u - 29442. Is u prime?
False
Let r(h) = -h**3 - 10*h**2 - 9*h + 7. Let s be r(-9). Let p(n) = 8*n + 3. Is p(s) prime?
True
Let u = -10 + 26. Let w = u + -12. Suppose 0 = -m - 3*r + 137 + 689, 2517 = 3*m - w*r. Is m a prime number?
False
Suppose -r = 4*y - 9121, 3*y = 5*r - 0*y - 45490. Is r prime?
False
Let d(k) = 9*k + 23. Is d(6) prime?
False
Let k be (-1940)/3*9/(-2). Suppose 10*i - k = 1000. Is i prime?
False
Suppose -4414 + 16579 = 15*l. Is l a prime number?
True
Suppose -3*z + 8 = -z. Suppose -z*l + 1325 = l. Is l composite?
True
Suppose -4*r + 15 = 3*d, -3*d + 0*r + 3*r = -15. Suppose 4*k = 2*x - 334, -d*x + 1135 = k + 245. Is x a composite number?
True
Suppose 14250 = 2*s + 4*n, n = 2*s - 0*s - 14275. Let p = s - 4982. Is p prime?
True
Let h = 29370 - 20936. Is h composite?
True
Suppose 4*f - 34 = -2*h, -5*f = -3*f + 3*h - 27. Is 1/(-2) + (207/f)/1 a composite number?
True
Suppose -536 = -5*u + 999. Is u composite?
False
Suppose 72 = -3*c + 6*c. Let b = c - 19. Suppose -b*n + 5*a + 621 = -179, 792 = 5*n + 3*a. Is n prime?
False
Suppose 2*d = -5*n - 4 - 1, -4*n - 37 = -5*d. Let h be (-14)/n - (-5)/15. Is (h + -2)/(6/1478) a prime number?
True
Let v(x) = -x**2 + 159. Let k(o) = -o**2 - 4*o. Let y be k(-4). Let p be v(y). Suppose 4*q - 441 = q + 3*z, 0 = -q - 5*z + p. Is q a composite number?
False
Is 189/(-27) - (2 - 5272) prime?
False
Suppose -5*s = -3 + 13. Suppose 25*n - 949 = 3901. Is n/10 + s/5 a prime number?
True
Suppose -4*d + 15 = 3. Suppose d*w + 2 = 4*w. Suppose -1985 = -3*s - w*s. Is s prime?
True
Let h(s) = -s**2 + 6*s. Let b be h(5). Suppose 0 = t - b + 6. Let f(u) = -517*u. Is f(t) prime?
False
Let q(d) = -45*d - 1. Let m = -10 - -4. Let k be 3*m/9 - 0. Is q(k) composite?
False
Let a = 7 + -5. Let r be ((-3)/(-6))/(a/8). Suppose -r*f + 2*v = -10, -4*f - 5*v + 60 + 5 = 0. Is f a composite number?
True
Let l = -703 - -437. Let p = l + 537. Let r = -128 + p. Is r prime?
False
Let v(b) = -b**2 + 6*b + 6. Let k(n) = n - 13. Let s be k(6). Let y be v(s). Let q = y + 200. Is q a composite number?
True
Suppose -k + 2*k = -5, 5*u + 5*k - 21610 = 0. Is u composite?
False
Let m(t) = -13*t**3 + 2*t**2 + 5*t + 9. Let p be m(-5). Suppose 29*y = 26*y + p. Is y a prime number?
False
Let u(d) = -12*d**2 + d - 4. Let i be u(3). Let j = -175 - i. Let b = j - -563. Is b a composite number?
True
Suppose 2*i - 10 = -0. Suppose -3*v - i*b = -2009, v = -6*b + 2*b + 665. Is v a prime number?
True
Suppose 0 = 10*h + 2*h - 5784. Is h a prime number?
False
Let i = 9997 + 1404. Is i a prime number?
False
Suppose 6*y + 462 = -2148. Let j = y + 920. Is j a prime number?
False
Is 7 + (286248/12)/1 a prime number?
False
Let z(r) = -r + 1. Let f be z(-3). Suppose -q = -2*k + f*q + 264, -q - 129 = -k. Is k composite?
False
Suppose -4*y = -4*x + 40, -2*x + 3*y - 6 = -30. Let d(m) be the second derivative of m**5/20 - m**4/6 + 7*m**3/3 - 5*m**2/2 - 32*m. Is d(x) a composite number?
False
Is 4/(-16)*4*-36973 composite?
False
Let r(q) be the second derivative of 3*q**3 - 5*q**2/2 - 4*q + 6. Let c be (2/3)/(2/12). Is r(c) a prime number?
True
Suppose 160 = -9*k + 763. Suppose 3*h = -b + 19, 3*h + 5*b - 35 = -0*h. Suppose -k = -2*a - h. Is a a composite number?
False
Suppose 15*v - 18978 = 9*v. Is v prime?
True
Suppose -44*t + 23*t + 85134 = 0. Is t a prime number?
False
Let u(r) = -r**3 + 8*r**2 - 12*r + 7. Let c be u(6). Is (c/2 + -4)*-11014 a prime number?
True
Is 19857/2*(40/24 - 1) composite?
False
Suppose 8*m - 5187 = m. Let q = m - -30. Is q prime?
False
Suppose -4 = -4*k + 2*k. Suppose 4*w = h - 15, -k*h - 2*w = -h + 3. Suppose -h*l + 4 = 3*c - 11, 5*l = c + 37. Is l composite?
False
Suppose 5*q + 4*d + 76 = 0, 0*q + 3*q + 5*d + 43 = 0. Let c be 74/(-7) + q/(-28). Is (c - 16)*(-22)/4 a composite number?
True
Suppose -2*x + 5*w = 2*x + 2, -5*x = -4*w - 2. Suppose v + 443 = x*v. Is v a prime number?
True
Is (-1*1)/(265/(-8132585)) a prime number?
True
Suppose 340 = 3*b + 70. Suppose 0 = 7*t - 2*t + 5*k - b, 3*k = -2*t + 36. Let s = t - 3. Is s a prime number?
False
Let y be 536/20*10/4. Let h = y + -20. Suppose -h = -2*b + 107. Is b prime?
False
Suppose 5*u - 20715 = 2*h, 6*h + 20 = 2*h. Is u composite?
True
Let c(v) = 18*v - 1. Suppose 0 = 16*h - 15*h - 3. Let a be (-3)/9 - (-10)/h. Is c(a) a prime number?
True
Let q(v) be the third derivative of v**6/120 - v**5/4 + 3*v**4/8 - 4*v**3/3 - 26*v**2. Is q(15) prime?
True
Let g = 3289 - 2038. Suppose 2435 = 2*h - g. Is h a composite number?
True
Suppose 37 = -p + 81. Suppose 34*c - p = 30*c. Is c a prime number?
True
Suppose 4*q + t = q - 4, 20 = 4*q - 5*t. Suppose 2*u - 142 = 2*c, q*c = 5*u - 3*c - 351. Let d = u + 70. Is d composite?
False
Is (2988755/33)/7 + 1/(-3) a prime number?
False
Suppose -4628 = 99*r - 103*r. Is r a composite number?
True
Suppose 2118 - 9581 = -17*c. Is c composite?
False
Let y be 20/(-5) + (-21)/(-3). Is (0 - -521)/(1/y) a prime number?
False
Let j(p) = 11*p - 24. Is j(15) prime?
False
Suppose 9409 = 163*m - 162*m. Is m composite?
True
Let a be 4 - -2*(-132)/8. Let x = -25 - a. Suppose 0 = -x*t + 193 - 21. Is t composite?
False
Suppose 0 = -n - 2, 0 = -5*d - n - n - 29. Is (-84)/(-3) - (d - -2) a composite number?
False
Let k = -455 - -775. Let y = -16 - -21. Suppose -4*r + k = y*s + r, 3*r = -3. Is s prime?
False
Let z(f) = 12*f - 67. Let d be z(8). Suppose -d*v + 26*v = -267. Is v a prime number?
True
Let w(v) be the third derivative of 10*v**4/3 + 4*v**3/3 - 2*v**2. Let n(k) = 80*k + 7. Let i(g) = -5*n(g) + 4*w(g). Is i(-5) prime?
True
Suppose 6330 = -2*h + 21448. Is h composite?
False
Let d = 151 - 429. Is 6/33 - d*(-498)/(-132) composite?
False
Let h(g) = -9*g**2 - 16*g + 51. Let u(f) = 4*f**2 + 8*f - 25. Let r(p) = -3*h(p) - 7*u(p). Is r(-5) composite?
False
Let g(d) = -2*d**3 - d**2 - 6*d - 3. Let a(c) = -c**3 + c**2 - c. Let y(z) = 4*a(z) - g(z). Is y(-4) a composite number?
True
Suppose 2*j - 3 = 5. Suppose 2*t + 2738 = 4*z, -4*t + 778 + 1966 = j*z. Is z composite?
True
Let n be 289 - (-6 + 3)/(-3). Suppose 130 = g - 303. Let k = g - n. Is k a composite number?
True
Is (24/(-32))/((-24)/217696) a prime number?
True
Let y(h) = -2*h**2 + 4. Let s be y(2). Let v be (-7 - s) + 19 + -1. Suppose b - 2323 = -3*b - 5*x, 0 = -3*x - v. Is b a prime number?
True
Suppose 12*g 